second derivative of 5*v**4/12 - v**2/2 + 3*v. Calculate j(1).
4
Let u(t) = -6*t**3 + 0*t**3 + 7*t**2 - 5*t + 5*t**3 - 1. Suppose -3*a = -6*a + 18. Give u(a).
5
Let c(k) = -k - 1. Let h be c(-5). Let m(x) = x**3 - 2*x**2 - 7*x + 6. Give m(h).
10
Let l(g) = -2*g. Let s be (84/(-98))/(3/(-14)). Determine l(s).
-8
Let g = -5 + 8. Let r(k) = 7*k**3 + 0 - 4 - 2*k**g - 6*k**3 - 4*k**2. Calculate r(-4).
-4
Let d(j) = j**3 + j**2 + j - 2. Suppose -n = 4*a + 2, 0 = 2*n - 4*a - 5 - 3. Let x(z) = -z**3 + 2*z**2 - 2. Let m be x(n). Give d(m).
-8
Suppose 2*r - 6 = -r. Let g(x) = -3*x - 2*x**2 + r*x - 1 + 2. Let z = -1041 - -1043. Give g(z).
-9
Suppose -5*n + 12 = -13. Suppose -25 = 5*x - 5*b, -6 = n*b - 1. Let r(v) = -v**3 - 7*v**2 - 3*v + 1. What is r(x)?
-17
Let f(r) be the third derivative of 1/60*r**5 + 1/3*r**3 + 5/24*r**4 + 0 + r**2 + 0*r. Suppose -b - 2*v = 1 + 1, -4*b = -4*v + 20. Give f(b).
-2
Let k(n) be the second derivative of n**8/6720 - n**7/504 + n**6/240 - n**5/120 + n**4/6 + n. Let r(i) be the third derivative of k(i). Determine r(2).
-7
Suppose b = 6*b - 15. Let m(g) = 0*g + g**3 - b*g + g**2 - 3*g**2. Let h be ((-12)/(-10))/(2/5). What is m(h)?
0
Let m(j) = j + 12. Suppose -3*y + 0*y + 5*a = 8, 5*y + 30 = 5*a. Calculate m(y).
1
Let l(g) be the second derivative of g**4/12 + g**3 + 3*g**2 + 3*g - 23. Determine l(-4).
-2
Suppose 0*k + 15 = 5*k. Let p be 2 + 0 - (-2 + k). Let z(v) = -v**3 + 2*v - 1. What is z(p)?
0
Let a(u) = -u + 3. Let m(q) = 3*q - 8. Let s(l) = 8*a(l) + 3*m(l). Let d(o) = 4*o. Let x(n) = -2*d(n) + 6*s(n). Let h(w) = -w. Let i be h(-1). What is x(i)?
-2
Suppose g + 3*c + 2 + 10 = 0, -4*c = -5*g + 16. Let o(w) = w**2 - 9. Calculate o(g).
-9
Let o(i) = 6*i - 4*i + 1 + 3*i. Suppose -11 = 4*k - 27. Suppose -l + k = -3*l. Determine o(l).
-9
Let a = 4 - 0. Let d(b) = -1 - 1 + 2*b + 5 + 4*b**2 - a. What is d(1)?
5
Let p be 2/4 + 10/(-4). Let q(d) be the second derivative of d**5/20 + d**4/3 + d**3/6 - d**2/2 + 61*d. Calculate q(p).
5
Suppose -4*p + 37 = 2*k + 1, 56 = 5*p - 3*k. Suppose -3*i + 7 = c, -5*c = -3*i + p + 9. Let g(o) = 0 + 7*o - 4*o + i. What is g(-3)?
-6
Let i be (-4)/6 - 48/9. Let w(k) = 7*k**2 - 1. Let u(h) = -6*h**2 + 1. Let f(l) = i*w(l) - 5*u(l). Let z be (-5)/(-7) - (-2)/7. What is f(z)?
-11
Let u(n) = n**2 - 3*n. Let b be u(3). Suppose 5*l - 2*m - 36 = b, 24 = 3*l - 0*m - 2*m. Suppose 0 = -2*j + l*j. Let w(f) = f**2 + f + 6. Determine w(j).
6
Let u(o) = o**3 - o**2 - 7. Let g(r) = -r**2 - 1. Let p(h) = -2*g(h) + u(h). Determine p(0).
-5
Suppose 0 = -5*u - o + 191, -u + o - 153 = -5*u. Let x be 5/30 + u/(-12). Let r(k) = k**2 - k - 2. Calculate r(x).
10
Let i(v) be the first derivative of -v**3/3 - v**2/2 + 11*v + 16. Give i(0).
11
Let w = -3 - -4. Let v(h) = -h**3 + 2*h**3 + h**2 + 2*h**3. Let t be v(w). Let x(z) = 2*z - 5. Calculate x(t).
3
Let g(o) be the third derivative of -o**4/24 - o**3/3 + 10*o**2. Let l(u) = -2*u + 1. Let b be l(2). Calculate g(b).
1
Let r(w) = w**3 - 4*w**2 + 9*w - 10. Let y(u) = -u**2 - u + 1. Let f(v) = -r(v) - 3*y(v). Give f(6).
7
Let u = 137 + -8219/60. Let m(y) be the third derivative of 0 - y**2 - 1/2*y**3 - 1/24*y**4 + u*y**5 + 0*y. Determine m(-3).
9
Let o = -4 + -1. Let z(a) = -4*a**2 + 5*a + 33*a + 7*a**2 + 32. Let v(y) = y**2 + 13*y + 11. Let g(s) = -17*v(s) + 6*z(s). Calculate g(o).
-5
Let s(f) = -f - 1. Let k(z) be the first derivative of -z**3 - z**2/2 - z - 8. Let m be k(-1). Determine s(m).
2
Let v(g) = g**3 + 3*g**2 - 5*g - 3. Let z be 1*(4 - 7) - 1. What is v(z)?
1
Let o(j) = -j - 2*j - j + 5*j + 5. Suppose -3*b - 4*m + 20 = 0, -2*m - 4 = b - 6*m. Let v be ((-10)/b)/((-2)/(-4)). Give o(v).
0
Let t(u) = -7*u + 3. Let p(r) = 4*r - 1. Let q(a) = -5*p(a) - 3*t(a). Determine q(3).
-1
Let p(d) = 3*d + 4. Let m(o) be the first derivative of o**3/3 + 5*o**2/2 - 3*o - 3. Let j be m(-5). Determine p(j).
-5
Let z(p) = 5*p - 4. Let b(m) = 6*m - 3. Let r(k) = 4*b(k) - 3*z(k). Calculate r(2).
18
Let t be (2/3)/(2/(-3)). Let f(b) be the first derivative of b**4/12 - b**3/6 - b**2/2 + 2. Let j(y) be the second derivative of f(y). Give j(t).
-3
Let r = -10 - -13. Let t(l) = l - 3. Calculate t(r).
0
Let m = -182 - -176. Let a be 1/3 + 2/(-6). Let z(d) = a*d - d - 2 + 1. What is z(m)?
5
Let o(r) = r**3 + 4*r**2 - 4*r + 6. Let b be 5 - 5 - 0/(-1). Let y be b*(3/(-2) - -1). Suppose 2*u - x + 11 = y, 15 + 2 = -4*u - 3*x. Calculate o(u).
1
Let k(f) be the first derivative of -f**5/120 + f**4/8 + 7*f**3/3 + 2. Let x(t) be the third derivative of k(t). What is x(-3)?
6
Let d(n) = n**2 + 2*n + 3. Let k be d(-2). Suppose -25 = k*q - 8*q. Let y(p) = -p**2 + 5*p - 7. Give y(q).
-7
Let c(f) = f**2 - f - 7. Let m be 24/(-16)*4/(-3). Let o(y) = -2*y**2 + 2*y + 7. Let v(i) = m*o(i) + 3*c(i). Determine v(0).
-7
Let d(o) = o**2 + 4*o + 1. Let w(q) = -q**2. Let n(a) = d(a) + 2*w(a). Suppose -3*g - 9 = -6*g. Suppose 0 = r - g*r + 6. Determine n(r).
4
Suppose 27 = 2*l - 1. Suppose -4*a - 4 = 4*f, -2*f - 4*a = a + l. Let d(w) = -f*w + 4*w - 1 + 0*w - 4. What is d(4)?
-1
Let a(z) = 3*z**2 + 8 - 5*z + 2*z + 4*z - 4*z. Let v(d) = -4*d**2 + 3*d - 9. Let w(c) = -3*a(c) - 2*v(c). Let j be (-1 - (-14)/6)*3. Determine w(j).
-10
Let k(s) = s + 4. Suppose -3*d - 36 = 2*i, 2*i + d = 7*i + 107. Let o = i - -15. Determine k(o).
-2
Let v(a) = -a**2 - 8*a - 9. Let x be v(-6). Let n(w) = -w - w + x*w. Suppose 4*j + 10 = 6. Determine n(j).
-1
Let f(o) = 2*o - 1. Let w be 8/(-20) + 9/(-15). Determine f(w).
-3
Let m(w) = -w**3 + 4*w**2 - 3*w + 6. Let i(j) = j**2 + 5*j. Let z be i(-6). Let l be 180/(-9) - (-4)/(-1). Let y be (z/(-4))/(9/l). Determine m(y).
-6
Let t(r) = r**2 + 7*r - 1. Let k be 1/((-2)/(-14)) + -2. Suppose -k = -2*q - 1. Suppose -s - 18 = q*s. What is t(s)?
-7
Let q(o) = 17*o. Let v be ((-38)/19)/(0/(-2) + 2). What is q(v)?
-17
Let j = 15 - -6. Let y(a) = -j + 17 + 0*a - a. Calculate y(0).
-4
Let t(z) = -z**2 + 2*z**2 - 8*z**3 - 29*z + 28*z. Suppose u - 6*u + 5 = 0. Determine t(u).
-8
Let f(m) = -m**2 + 3*m - 4. Let x be f(4). Let s = x - -4. Let r(g) = -g**2 - 4*g + 5. Give r(s).
5
Suppose 38 = a + a. Suppose -w - 3*s = s + 18, 5*s + a = -3*w. Suppose f + w = -2. Let b(i) = i**3 + 5*i**2 + 2*i - 1. Determine b(f).
7
Suppose -5*g + 13 = -17. Suppose r + 14 = 3*t + g, 4*r + 2*t - 24 = 0. Let j(h) = h**3 - 2*h**2 - 6*h + 2. Give j(r).
10
Let x(c) = -4*c**2 + 12*c - 3. Let g(s) = -s**2 + s - 1. Let p(o) = 5*g(o) - x(o). What is p(-6)?
4
Let g(d) be the first derivative of -d**4/4 - d**3/3 + d**2 - 1. Suppose -3*r = 4*b + 63, 40 = -5*b + 4*r - 0*r. Let w be (b/10)/(-3)*5. Determine g(w).
-8
Let y(v) = -2*v - 8. Let w be -4 + (-222)/78 - (-4)/(-26). Give y(w).
6
Let m(p) be the third derivative of p**5/12 + p**4/24 + 6*p**2. Give m(1).
6
Let z(p) = -1 + 32*p - 62*p - p**2 + 28*p. Calculate z(-1).
0
Let z(u) be the first derivative of -u**4/4 + 2*u**3 - 3*u**2 + 2*u + 10. Calculate z(5).
-3
Let g(a) = -7*a**2 - 11 + 1 + 9. Give g(-1).
-8
Let i(b) = -b**2 - b. Let l(d) = -d**3 - 4*d**2 + 4*d - 7. Suppose -2*a + 3 - 9 = 2*w, -4*a + 33 = -5*w. Let x be l(w). Calculate i(x).
-2
Let q be (-2)/(-6)*(-18)/(-4). Let d(a) be the first derivative of -4*a + 2 - 1/4*a**4 - 1/3*a**3 + q*a**2. Give d(-3).
5
Let h be (-4)/(-6) + 28/12. Suppose 3 + h = -3*a. Let k be (a + 3)*0/1. Let i(v) = -v**2. Calculate i(k).
0
Let a(q) = -5*q**2 + 3*q - 1. Let w = 4 + -1. Let x(n) = 5*n**2 - 4*n + 1. Let d(s) = w*x(s) + 4*a(s). Calculate d(-1).
-6
Let s = -10 - -5. Let d(a) be the first derivative of a**6/360 + a**5/30 - a**4/8 - 2*a**3/3 + 1. Let n(y) be the third derivative of d(y). Determine n(s).
2
Let v(o) = o**3 + 3*o**2 - 6*o - 5. Let n(z) = -z**3 - 6*z**2 - z + 5. Let p be n(-6). Suppose -1 = 3*w + p. Determine v(w).
3
Let v(r) be the second derivative of r**4/12 + r**3/3 - r**2 - 18*r. What is v(2)?
6
Let q(g) = -g**2 + 7*g - 8. Let w be 2/(-4) + 91/14. What is q(w)?
-2
Let u(y) be the third derivative of y**5/60 - 7*y**4/24 + y**3/3 - y**2. Let r be u(6). Let d = r - -5. Let g(p) = 5*p**3. Calculate g(d).
5
Let u(i) = i - 3. Suppose 6*b = 33 - 3. Calculate u(b).
2
Let l(m) = -m**3 + 9*m**2 - 2*m - 22. Let g(o) = o**3 - 7*o**2 + 3*o + 23. Let v(u) = -3*g(u) - 4*l(u). Determine v(15).
4
Let p(h) = 5*h**2 - 1. Suppose 5*w = 20 -